t k = n + 20. Is 2/8 + 294/k a composite number?
False
Let v(s) = s**3 + 4*s**2 - 11*s - 44. Let h be v(-4). Suppose -30 = -5*f + 5*p, 3*p + 10 = 2*f - 3. Suppose h = -f*b + 212 + 133. Is b a prime number?
False
Let y be 156/(-10) - (-3)/5. Let x(w) = -15*w**2 + 81*w - 20. Let d(n) = -3*n**2 + 16*n - 4. Let q(l) = -11*d(l) + 2*x(l). Is q(y) composite?
True
Let x = 52 - 50. Suppose x*n = 82 + 1860. Is n composite?
False
Let q(b) = 45*b**3 + 2*b**2 + 2*b - 1. Let o(y) = -y**3 - 13*y**2 + y + 15. Let m be o(-13). Let x(p) = p. Let l be x(m). Is q(l) a composite number?
True
Suppose -15*m = -1400132 - 2305543. Is m a composite number?
True
Let u(a) = -a**3 + 11*a**2 + 6*a - 15. Let n be u(-8). Suppose n + 315 = 4*r. Is r a composite number?
False
Suppose 0*c - 3*c + 10 = 5*n, -8 = -2*c - 2*n. Suppose 1 + 4 = c*r, 0 = 3*a + r - 1339. Is a composite?
True
Is 2 - -3 - -2973 - (6 + -1) a prime number?
False
Let u(q) = -6*q**3 - 3*q**2 + 22*q + 8. Let f = 14 - 21. Is u(f) composite?
True
Let h(p) = 798*p**2 - 10*p - 9. Let j be (6*(-1)/(-9))/((-6)/9). Is h(j) a composite number?
True
Let i(q) = q**2 - 11*q - 38. Let h be i(14). Suppose -343 = -p + 4*z, -6 = -h*p - 5*z + 1303. Is p composite?
False
Let i = 10 - 5. Suppose 7 = 2*l - i. Is ((-9)/l - -1)*-2354 prime?
False
Let k = 104 - 49. Suppose 0 = 35*x - 36*x + k. Is x a prime number?
False
Let k be 8 + 10/(-15)*3. Suppose -633 = k*t - 9*t. Is t a composite number?
False
Suppose 196*j - 195*j = 2. Suppose -2*u = -2*h + 4626, 11573 = 5*h - u - j*u. Is h prime?
False
Suppose -12 = -4*z - 0*z. Suppose -94*f + 135 = -89*f. Suppose -42 = -z*b + f. Is b composite?
False
Suppose m - 5*m + t + 24 = 0, 6 = m + 5*t. Suppose 2*a - m*a + 2252 = 0. Is a a composite number?
False
Let a = 64 + -73. Is (-6)/a*2193/2 composite?
True
Is (-52170)/(-38) + (-52)/(-494) composite?
False
Suppose 0 = 4*o + 4*p - 28, o - 1 = 4*p - 4. Suppose 3*k - 6*k - o*r = -548, -5*k = -4*r - 975. Is k a composite number?
False
Let j be 358*(10/4)/5. Suppose 5*w - 21 = j. Suppose b + k - w = 0, 3*b + 5*k - 50 = 72. Is b composite?
True
Let k = 41534 + 333. Is k a composite number?
True
Suppose -2*t - i + 3 = 0, 0 = -2*t + 5*i + 2 + 31. Is (0 - t)*268/(-16) composite?
False
Let z = 53 + -447. Let f = 189 - z. Is f a prime number?
False
Let f = -169 - -315. Let w = 232 - f. Is w prime?
False
Let s(f) = 3*f + 26. Let l be s(-6). Is l/(-2) - (-5540 - 21) a composite number?
False
Let v be (2 + -4 - -3) + 2. Suppose v*d = -1 + 16. Is (-7)/((1 - d)/332) prime?
False
Let j(m) = 230*m**2 - 15*m + 2. Is j(-3) a prime number?
False
Suppose 5*m - 169 = -c + 231, -3*m - 1860 = -5*c. Suppose 0 = 3*r - 162 - c. Is r prime?
True
Let g(k) = 211*k**2 + 23*k - 11. Is g(-5) prime?
False
Let c = 58 + 393. Is c a composite number?
True
Let x(b) = 6*b + 2. Let o be x(-2). Let p be o/4*8/10. Let t = 17 - p. Is t composite?
False
Is 23354/(-8)*148/(-37) prime?
True
Is ((-661530)/90)/((-2)/6) a prime number?
True
Suppose -272025 = -23*o + 895018. Is o composite?
False
Let t(p) = -5 + 6 + 161*p**2 - 2 + 0*p - p. Is t(-1) composite?
True
Is (-6)/39 + ((-24210)/(-26) - -2) a prime number?
False
Let l(w) = -w + 4. Let f be l(0). Suppose 2*i + x + x = f, 0 = -5*i + 4*x + 28. Let j(s) = 7*s**3 - 4*s**2 - 3. Is j(i) a prime number?
False
Suppose -3*d + 20 = -8*d. Let l be 6556/33*(-1 - d). Suppose 5*n = 9*n - l. Is n a prime number?
True
Suppose -3*p = p - 32. Suppose -2*i - 2*i + 9336 = 2*q, p = 4*q. Is i a composite number?
False
Let i = 68 + -19. Suppose -5*k + i = 3*u - 204, -49 = -k - u. Is k a composite number?
False
Suppose 2*k = -0*k + 6. Suppose k*s - 12 = -0. Suppose 3*x = -2*y + 781, s*y = -x - 2*x + 785. Is x prime?
False
Let v(m) = 16*m + 189. Let s be v(-34). Let l(n) = -274*n - 2. Let b be l(-2). Let j = s + b. Is j a composite number?
False
Let p be ((-318)/(-18))/((-2)/(-12)). Suppose -4*g - 220 = -4*d, -g - p = -3*d + d. Is d composite?
True
Let v(d) = -25*d**3 + 35*d**2 + 9*d + 25. Is v(-12) prime?
True
Let w be -2 - (-4)/(8/46). Let a = 24 - w. Is 16 - -1042 - a/1 composite?
True
Suppose 48 = 4*r - 4. Suppose r*s - 9*s = 264. Let w = 97 + s. Is w prime?
True
Suppose -5*q + 4*b = -109801, -31*b = -q - 35*b + 21965. Is q a prime number?
True
Suppose 4*b + 4*p + 188 = 0, -b + 3*p = 2*b + 111. Let k = -9 - b. Is k a prime number?
False
Let i(c) = 1664*c**2 - 5. Let b be i(2). Suppose -b = -10*l + 4859. Is l a prime number?
True
Let u(q) be the second derivative of -356*q**5/5 - q**4/6 + q**2/2 + 3*q. Is u(-1) composite?
False
Suppose 6*s = 208 + 13214. Is s composite?
False
Let h(k) = -493*k + 421. Is h(-42) a prime number?
False
Let r = 732 + -496. Suppose -5*f = -r + 1. Is f a composite number?
False
Suppose 4958 = 6*v - 9868. Is v prime?
False
Let a(y) = -y**2 - 11*y - 14. Let t be a(-9). Suppose 0 = -4*h - t*w + 2272, -2*h + 1694 = h + w. Is h a composite number?
False
Let u(y) be the second derivative of 5*y**3/6 - 5*y**2/2 - y. Let f be u(-5). Is (-2382)/f - (-2)/(-5) composite?
False
Let x be 22/(-55) + (-24)/(-10). Suppose 0 = z + 2*t + 1, 0 = 3*z + 4*t - 3*t - 2. Suppose -4*y + z = 4*l - 179, x*y = -4. Is l prime?
True
Let t be (-2)/(-9) + 151/9. Let d be (-1 - 2 - -12) + -2. Let x = t - d. Is x composite?
True
Is ((-6)/(48/(-638)))/(1/4) a prime number?
False
Let v be 2 + -4 + (68/4 - 3). Let c(t) = -11*t**2 + 0*t**3 + t**3 - 7 - 8 - 5*t + 2*t. Is c(v) composite?
True
Suppose 0 = 8*f - 9*f + 6599. Is f prime?
True
Is (-10 - 85356)*(-7)/14*1 a prime number?
True
Suppose 0*b - 3*j - 6 = 3*b, -2*b - 3*j - 6 = 0. Suppose 6*s - 3*s - 492 = b. Is -1 + s - (-9 - -5) composite?
False
Suppose -1857*c + 34089 = -1854*c. Is c a prime number?
False
Let k be 6/21 - (-540)/70. Is (0 + -213)*k/(-12) composite?
True
Let y = -1 - -4. Let j be ((-12)/9 - -3)*y. Suppose -157 = -0*c - c - 2*q, -5*q = -j*c + 815. Is c a composite number?
True
Let a(y) = 496*y + 1. Is a(13) composite?
False
Let h = -91 + 93. Suppose -20 = -5*b, -3*b = h*z - 2*b - 7698. Is z prime?
True
Let r(g) = -g - 4. Let d be r(-11). Let m(x) = x - 2*x**3 - 3*x**3 + 8 - 6*x**2 + d*x. Is m(-5) prime?
True
Let f(o) = -552*o - 95. Is f(-25) prime?
False
Let v = -4767 - -11028. Is v a composite number?
True
Let d = -108 - -47. Let j = d - -154. Suppose 2*n - 653 = j. Is n prime?
True
Let q be 47398/39 + (-3)/(9/(-2)). Let p = 196 + 223. Let v = q - p. Is v a composite number?
False
Suppose -879 - 9 = -2*d + 4*k, 2*d - k - 885 = 0. Suppose 5*b - 633 = d. Is b composite?
True
Let p(a) = a**2 - 9*a - 10. Let z be p(10). Suppose z = 4*n - 852 - 416. Is n prime?
True
Suppose -23*h = -18*h - 11145. Is h a prime number?
False
Let i = -84 + 91. Suppose 4*n - 8261 = -i*n. Is n prime?
True
Let x be (-20)/3*(-18)/24. Suppose 335 + 643 = 3*r. Suppose x*y = 239 + r. Is y prime?
True
Let p(x) = -3*x - 9. Let b be p(-3). Suppose -j + 4*y + 1233 = -288, 5*j + 5*y - 7480 = b. Is j a composite number?
True
Is (-16316)/(-12) + (-16)/(-12) composite?
False
Suppose w - 5*w + 4*t = -192, -15 = 5*t. Let l be 8/6*(-81)/(-6). Is l/w + (-428)/(-5) a composite number?
True
Let z be (-3)/(-6) - 2 - (-3627)/2. Is (4 - 6) + z - -1 prime?
True
Suppose -2*g + 18 = g. Suppose 0 = -5*c - 5, 0 = -3*j - 5*c + g - 2. Suppose 0 = -2*m + j*m - 127. Is m composite?
False
Suppose 0 = o - 4*c - 340, 3*c - 1318 = -4*o - 2*c. Suppose -5*w = -3*a - a + 664, -2*a - 3*w + o = 0. Is a prime?
False
Let y(h) = 1. Let g(m) = 14*m + 2. Let a(x) = -g(x) - 6*y(x). Let p be a(-4). Let u = 83 - p. Is u a composite number?
True
Let o = 33 + -31. Let s(k) = 3*k**o - 18 + 5 + 7*k - 5*k. Is s(-6) composite?
False
Let n = -1058 - -4093. Is n composite?
True
Suppose 59*b + 655 = 54*b. Let n = 767 - 445. Let p = n + b. Is p a composite number?
False
Let r be (4/6)/((-10)/(-285)). Is r/76 - 3270/(-8) a composite number?
False
Let a(x) = x**3 + 7*x**2 + 7*x + 4. Let p be a(-6). Let u be ((-259)/p)/((-4)/8). Is (-1)/((-4)/(-8)) - u a prime number?
True
Suppose -2*b + 3*w + 24 = 0, 2*w + 9 = 1. Is ((-2613)/b)/((-2)/4) a composite number?
True
Suppose -23 = w - 4*t, 4*t = 3*t + 2. Is (-9)/(-6)*(-18470)/w a prime number?
True
Suppose g = -3*g. Suppose 6 + g = 2*m. Suppose -2*q = m*q + 2*x - 249, 104 = 2*q + 3*x. Is q a composite number?
True
Let g(i) = -i + 11. S